be o(19). Give z(x).
-2
Let b = -17 + 12. Let l(z) = z**2 - 4*z - 2. Let k be l(5). Let g(a) = 4 + 6*a + 9*a**3 - 8*a**k + 2 + 6*a**2. Give g(b).
1
Let u(k) = -k + 7. Let m be u(5). Let z(r) = -1 - 6*r**m + r**2 + 6*r**2 + 5*r**3. Calculate z(1).
5
Suppose 3*x - 8 - 4 = 0. Suppose -o = x*c - 10, 2*c + c - 8 = -o. Let j(r) be the first derivative of -r**3/3 - r**2 + 3*r - 1. Calculate j(c).
-5
Let b(i) = -3*i**2 + 9*i - 8*i**2 + 5 + 0*i**2 - 2*i**3. Let t(f) = -f**3 - 6*f**2 + 5*f + 3. Let o(j) = -3*b(j) + 5*t(j). Calculate o(-4).
-8
Let l(x) = -75*x + 149*x - 5 - 76*x. Give l(-6).
7
Let t(d) = -d**2 - 5*d - 3. Let x(s) = 2*s + 40. Let k be x(-21). Calculate t(k).
3
Suppose 59 = -4*y + 75. Let p(l) = -l**2 + 8*l + 2. What is p(y)?
18
Let p(h) = -h**3 + 7*h**2 - 4*h - 9. Let j be p(6). Suppose q - j*r + 3 = -0*r, 5*r = -4*q - 12. Let k(v) = 2*v - 1. Calculate k(q).
-7
Let b(w) be the third derivative of w**6/360 + 7*w**5/120 + w**4/24 + w**3 - 4*w**2. Let f(p) be the first derivative of b(p). Give f(-4).
-11
Let g(u) = 3*u + 11. Let n(p) = 3*p + 1. Let y(s) = -4*s - 1. Let t(v) = 3*n(v) + 2*y(v). Let i(z) = g(z) - 4*t(z). Calculate i(0).
7
Suppose -x + 11 = 5. Let w(q) = -q**3 + 5*q**2 + 5*q - 5. Determine w(x).
-11
Suppose -16 = -3*f - 2*j + j, -4*f = j - 20. Let h(w) = -w**2 + 4*w + 5. What is h(f)?
5
Let p be -1 - -8 - 4/1. Let l(z) = -4 + 1 - p + 0 + z. Give l(4).
-2
Suppose -5*o + 16 = -o. Let u(s) = -5*s - s**3 + 2*s + s + o*s**2 + 2. Calculate u(3).
5
Let n(o) = -3*o + 39. Let y be n(12). Let j(a) be the second derivative of 0*a**3 + y*a + 1/3*a**4 + 0 - 1/2*a**2. Determine j(1).
3
Suppose h = 6*h - 40. Let y = h + -9. Let m(r) = r**2 + 2*r + 1. Give m(y).
0
Let d(r) = 3*r**2 - 11*r. Let s(b) = -7*b**2 + 23*b. Let w(h) = 9*d(h) + 4*s(h). Calculate w(-3).
12
Suppose -2*v + 0*v - 8 = 0. Suppose 7 = -3*a - 4*z, -25 = -5*a + 5*z + 10. Let f(k) = k + a + 3 + k. Determine f(v).
-2
Let d(p) = p**2 - 7*p + 5. Suppose -5 + 29 = 3*f. Determine d(f).
13
Let f be 9/(-12) + 9/12. Let c = 0 + f. Let h(o) = o + 3. Calculate h(c).
3
Let m(a) = a**2 + a + 6. Let d be (-3)/(-2)*2 + 8. Let i = 11 - d. What is m(i)?
6
Let h(w) = w. Let z(c) = 2*c - 1. Let g(k) = h(k) - z(k). Give g(7).
-6
Let i be 4/(-10) - (-7)/5. Let x(l) = 4*l**2 - 5*l**2 - 2*l - l - i. Suppose 0 + 12 = 4*u, 0 = -2*h - 2*u. Determine x(h).
-1
Let g(q) = q**3 + 4*q**2 + 3*q + 5. Let j be (-2)/5 - (-2)/5. Let f be j + -1 + 8/(-2). Let b be f + -1 + (-1 - -3). Give g(b).
-7
Let i be -2*1*(-4 + (-1 - -4)). Let s(f) be the third derivative of 0 - 2/3*f**3 + 0*f + 1/120*f**6 + i*f**2 + 1/15*f**5 - 1/12*f**4. Give s(-4).
4
Suppose -3 = a - q - 0, -3*q + 7 = -5*a. Suppose 5 + 5 = 5*m. Let n(d) = 0 + a + 5*d**2 - 3*d + m*d. Determine n(1).
5
Let r(f) = f. Let w(z) = z + 1. Let s(i) = r(i) - 4*w(i). Let n(d) = 2*d**2 + 28*d + 22. Let o be n(-13). What is s(o)?
8
Suppose -4*j = 4*w, 0 = -2*w - 4*j - 3 - 7. Suppose u = w*t + 28, 4*u - 5 - 17 = 2*t. Let f(g) = g**2 + 5*g + 3. Give f(t).
3
Suppose -5*k - 3*y = 3, 0*k - 3*y = 3*k - 3. Let l(o) be the third derivative of 0 - 2*o**2 + 0*o + 0*o**3 + 1/60*o**5 + 1/8*o**4. Calculate l(k).
0
Let d be 1 + 0 + 44/22. Suppose -3*l = l. Let z(p) = -3*p + l*p + p + p - d. Give z(5).
-8
Let g(y) be the first derivative of -y**3/3 + 5*y**2/2 - y - 29. Calculate g(5).
-1
Let i be -2 - (-3)/(9/24). Let m(n) = n**2 - 4*n - 5. Calculate m(i).
7
Let g(v) = -2*v**2 - 6*v - 4. Suppose m = -m - 8. Calculate g(m).
-12
Let w = -120 - -119. Let i(z) = 12*z**2 - 2*z - 1. Calculate i(w).
13
Let z(c) = 3*c**3 - 3*c**2 - 9*c - 3. Let j(r) = -16*r**3 + 15*r**2 + 46*r + 16. Let k(p) = 2*j(p) + 11*z(p). Give k(5).
14
Let x be (-398)/(-12) - 2/12. Suppose 3*u - 5*l - 8 + 51 = 0, -x = 3*u - 3*l. Let d(p) = -p**3 - 7*p**2 - 4*p + 7. Give d(u).
-5
Let l(n) = 4*n**2. Let g(x) = 5*x**2 + x. Let b(d) = -3*g(d) + 4*l(d). Give b(4).
4
Let j(s) = -s**2 + 7*s - 8. Let w = -13 - -12. Let a be (w/3)/(3/(-54)). Determine j(a).
-2
Let m(h) = 4*h**2 - h - 2. Let t(j) = -j + 2. Suppose 2*i - 5*f = -10, 5*i + 2 = f - 0. Let n be t(i). Determine m(n).
12
Let s(v) = v - 5. Let k be s(4). Let n be (-6)/(k - -3) + 7. Let w(t) = t**2 - 3*t - 3. Give w(n).
1
Let r(f) = -f**2 + 5*f + 7. Suppose -13 = -5*n + 122. Suppose 4*b + 7 = n. Determine r(b).
7
Suppose b - 4*b = 15. Let s(w) = w**2 + 6*w + 1. Determine s(b).
-4
Let o(n) = n**2 + n + 10. Let b = 3 + -3. Give o(b).
10
Let u(l) = -8*l - 3*l**2 - 27 + 40 + 2*l**2 + 0*l**2. What is u(-9)?
4
Let h(r) = r**2 + 4*r + 4. Let n(t) = t**3 + 8*t**2 + 9*t + 9. Let k be 3/(-2) + (-66)/12. Let d be n(k). Calculate h(d).
9
Let x = -9 + 11. Let n(o) = -4 + o + 0*o**3 + 4 - o**3 - 3*o**2 + x. Determine n(-3).
-1
Let q(c) = 13*c**2 - 1. Let t(d) = -d + 13. Let o be t(8). Let k = o + -1. Suppose -8*i = -4*i - k. Give q(i).
12
Let r(y) be the third derivative of -y**5/60 - 5*y**4/24 - 3*y**3/2 - 6*y**2. Let v(x) be the first derivative of r(x). What is v(-5)?
5
Let k(t) be the third derivative of t**5/15 - t**4/12 + t**3/6 - t**2. Suppose 5*h - 1 = 9. Let u = h + -1. What is k(u)?
3
Suppose 4 = 4*z + 24. Let l(d) = -6*d - 8. Let o(y) = 9*y + 12. Let t = 0 + 5. Let b(u) = t*o(u) + 7*l(u). Determine b(z).
-11
Let h(n) be the third derivative of n**8/10080 - n**7/5040 - n**6/360 + n**5/30 - n**2. Let q(z) be the third derivative of h(z). What is q(2)?
4
Let b(r) = -3*r + 4. Let v(h) = -h. Let s = -5 - -6. Let a(f) = s*b(f) - 2*v(f). What is a(-5)?
9
Let y be 3 + -2 + 0 + -5. Let g be y/(-10) + (-33)/(-5). Let q(k) = -k + g - 3 - 1. Determine q(0).
3
Let k(x) = x**2 + 3*x - 1. Let s(j) = 0*j**2 + 0 - 3*j - j**2 + 1. Let z(o) = 4*k(o) + 5*s(o). Let t(c) = c**3 - 3*c**2 - 2*c + 2. Let v be t(3). Give z(v).
-3
Let w(s) = -6 - s**2 + 0*s**2 + 2 + 0*s + 3*s. Determine w(4).
-8
Let l(b) be the second derivative of -6*b - 1/3*b**3 + 0 + 3/2*b**2. Calculate l(5).
-7
Let h = -199 + 205. Let f(r) = r**2 - 6*r. Give f(h).
0
Let x = -3/41 - -47/82. Let k(v) be the first derivative of v - 3 - x*v**2 - 1/3*v**3. What is k(0)?
1
Let b(s) = 2*s**2 + 6*s - 3. Let r(n) = n**3 - n**2 - 1. Let z(y) = -b(y) + r(y). Suppose -9 = -p - 5*k, 3*k = 3*p + k - 10. Determine z(p).
-6
Suppose 4*z = -s + 3*s + 24, -5*s = 5*z - 15. Let q(n) = 2*n**2 - 3*n - 19. Let d(y) = y**2 - 2*y - 9. Let u(o) = -5*d(o) + 2*q(o). Give u(z).
2
Let z be (-22)/(-8) - (-5)/20. Let g(l) = 14 - 4*l**z - 14 + l**2. Calculate g(1).
-3
Suppose 4*m - 4 = -y, 7*y - 2 = -2*m + 2*y. Let j be (m/2)/(2/4). Let i(n) be the third derivative of -3*n**5/20 + n**4/24 - n**2. What is i(j)?
-8
Let y(x) = x**2 - 3*x + 2. Let c be y(4). Let a(j) = 2*j - 4 + c*j + j**3 - 2*j**3 + 4*j**2 - 3. Determine a(5).
8
Let x = 1 + -2. Let h = x + -5. Let y(o) = o. Calculate y(h).
-6
Let g(a) = -4*a - 8. Suppose -5*x = -4*d + 33, x - 5*x - d - 18 = 0. Let u = x - -4. Let j(t) = -t. Let l(k) = u*g(k) + 5*j(k). Determine l(0).
8
Let p(q) = -4*q**2 + 31*q - 44. Let b(s) = -3*s**2 + 21*s - 30. Let n(k) = 7*b(k) - 5*p(k). Determine n(-9).
1
Suppose 0 = 11*v - 49 - 17. Let u(y) = 2*y - 7. Calculate u(v).
5
Let v(m) = -3 - 4 + 3 + 5*m + m**2 + 3. Suppose -4*d - 14 = 2. Calculate v(d).
-5
Let f(b) be the first derivative of -b**2 - b - 2. Calculate f(-5).
9
Let n(u) = -8*u**2 + 6*u - 15 + u**3 + 11 + 9. Give n(7).
-2
Let g(v) = -6*v. Suppose -l = -4*k - 1, 4*l - 2*k - 4 = -4*k. Determine g(l).
-6
Let t = -6 - -6. Suppose -25 = -5*b - t*b. Suppose r + b = 2*r. Let m(d) = -2*d + 7. Give m(r).
-3
Suppose -48 = -f + 3*f. Let n = -23 - f. Let u(a) = 3*a + 1. Give u(n).
4
Let j(f) be the third derivative of f**5/60 + 3*f**4/8 + 3*f**3/2 - 11*f**2. Determine j(-7).
-5
Let v = -18 + 20. Let a(g) = 0*g + 0*g - 2*g + 0*g - v. What is a(-4)?
6
Let p(g) = -g + 6*g - 7*g - 3*g. Calculate p(-1).
5
Let n(z) be the first derivative of z**4/12 + z**3/2 + z**2/2 - 3. Let p(i) be the second derivative of n(i). What is p(-4)?
-5
Let w(f) = f**3 + f - 8. Let i = 0 - 0. Suppose i = -0*m - 4*m. Calculate w(m).
-8
Suppose 0 = 2*u - 8 - 8. Let h = -12 + u. Let b(c) = -2*c**2 - 8*c + 15. Let n(v) = -v**2 - 4*v + 8. Let o(g) = -3*b(g) + 5*n(g). What is o(h)?
-5
Let u(k) = -k - 4. Suppose 2*j = 4*y + 10, j - 4*y + 0*y - 3 = 0. Suppose s = 2*z - 3, 0 = -2*s - j*z + 4*z - 6. Let q = -5 - 